 - 8*w(a). Calculate b(t).
6
Let o(r) = 19*r + 31. Let p(c) = 4*c + 6. Let w(j) = 2*o(j) - 11*p(j). Let b(x) = -x**3 + 8*x**2 - 21*x + 51. Let y = -160 + 166. Let u be b(y). Determine w(u).
14
Let f(y) be the third derivative of 5*y**4/24 + y**3/6 - 77*y**2 + 2*y - 2. Let g = -15 + 8. Let m = g - -10. Calculate f(m).
16
Suppose 2*r = 5*b - 163, -6*b + 168 = -b + 3*r. Suppose 0 = -4*m + 1 - b. Let n(u) = -u**2 - 8*u - 9. Determine n(m).
-9
Let z(i) be the third derivative of i**4/12 + 5*i**3/6 - 2*i**2. Suppose 47*b = 48*b - 62. Let c = b - 70. What is z(c)?
-11
Let w(y) = -y**3 + 48*y**2 - 91*y - 49. Let n be w(46). Let o(f) = -5*f**2 + f + 13. Determine o(n).
-35
Let m(u) = 3*u**3 - 8*u + 4. Let a(q) = q**2 - 27*q + 52. Let p be a(2). Let r be m(p). Let k(o) = -o**3 + 13*o**2 - 12*o - 10. Give k(r).
-10
Let k be ((-737)/(-22) - 34)*(-3 - (0 - -1)). Let i(n) be the third derivative of 0 + k*n**2 + 0*n + 1/6*n**3 + 1/8*n**4. Determine i(1).
4
Suppose 0 = -5*k + 2*c - c + 16, -3*k + 5*c = -14. Let z(p) = -144*p**3 + 304*p**3 - 4*p - 1 + 3*p - 150*p**k. Determine z(-1).
-10
Suppose 4*x + 138 = 2*q, -2*x - 177 = 3*x - q. Let n = 55 + -13. Let i = n + x. Let f(l) = -l**3 + 5*l**2 + 7*l - 3. Calculate f(i).
3
Let s(x) = 93*x - 1233. Let v be s(13). Let k(f) = f**2 + 24*f - 11. Give k(v).
-11
Suppose -13 = -4*i - n, -12*i + 8*i - 3*n = 1. Let j(h) = 5*h**2 - 31*h + 38. What is j(i)?
8
Let i(v) be the second derivative of v**5/20 + v**4/12 - v**3/6 + 2*v**2 + v. Suppose -8*g = 8 - 48. Suppose -g*x = -7*x - 10*x. Determine i(x).
4
Let w(t) = -t**3 + 8*t**2 - 9*t + 11. Let q be 1 - (-48)/8*-1 - -5 - -7. Give w(q).
-3
Suppose 3*q = -x + 36, 45*x = 3*q + 44*x - 24. Let w(v) = -v + 23. What is w(q)?
13
Let t(v) = -v**3 - 6*v**2 + 4*v + 3. Let p = -2583 - -2577. Determine t(p).
-21
Let a(r) = -r + 7. Suppose -13*q - 18 = -70. Suppose 12 = -3*v, q*l + v = 2*v + 4. What is a(l)?
7
Let u(w) = -3*w - 133. Let m(v) = 4*v + 134. Let t(x) = -5*m(x) - 4*u(x). Let g be t(-16). Let f(p) = p**3 + 9*p**2 - 11*p - 15. Calculate f(g).
-5
Let r(f) = f**2 - 4*f - 4. Let y be r(6). Let x(s) = 0*s**3 + 7*s**2 + 98 + 99 + 94 - 292 + 9*s - s**3. Calculate x(y).
7
Suppose 2*i - 32 = 3*c, 4*c - c = -5*i - 67. Let d be 4*(-1 + (-7)/c). Let a(f) = -7*f**2 - 2*f - 3. Calculate a(d).
-27
Suppose -221 = -19*z - 202. Let l(n) = 0 - 1 + z - 4*n + 0 + 6. What is l(8)?
-26
Let d(f) = -13*f + 34*f**2 + 3*f**3 - 89*f**2 - 4*f**3 + 2*f**3 + 52*f**2 + 12. Determine d(5).
-3
Let f(u) = 2*u**3 + 15*u**2 + 3*u + 5. Let y(k) = 3*k**3 + 29*k**2 + 9*k + 9. Let h(p) = 5*f(p) - 3*y(p). Calculate h(13).
11
Let t(v) = -v**3 - 15*v**2 - 14*v - 32. Let m(p) = 2*p**2 + 44*p - 60. Let w be m(-23). Determine t(w).
-32
Let r(x) = 9*x**2 + 87*x - 3. Let z(l) = 4*l**2 + 44*l - 1. Let o(y) = -2*r(y) + 5*z(y). Calculate o(-23).
1
Let u(m) = m**2 + 12*m - 27. Suppose 37 = -3*q + f, 39*f - 43*f = 3*q + 47. Determine u(q).
-14
Let s(x) be the second derivative of -x**3/2 - x**2 + 33*x - 2. Let p = -76 + 68. Give s(p).
22
Let k = -23365 - -23389. Let m(d) = d**2 - 31*d + 180. Calculate m(k).
12
Let g(b) = 5*b**3 - 6*b**2 - b - 4. Let v(h) = 5*h**3 - 7*h**2 - 4*h - 5. Let q(o) = -3*g(o) + 2*v(o). Determine q(1).
-4
Let a(l) = 1577*l + 33 + 1517*l - 3090*l. Determine a(0).
33
Let c(l) = -l**3 + 13*l**2 - 9*l + 7. Let y = -15111 - -15122. Give c(y).
150
Let s(q) be the third derivative of -q**4/24 - 5*q**3/6 + q**2. Let m be ((-20)/8)/((-1)/4). Let f be 48/80 - 6/m. Give s(f).
-5
Let w be (-2 - 5/2)/((-9)/12). Let s(t) = -126 + 0*t + 59 + t + 64. What is s(w)?
3
Let s = -2885 + 2885. Let p(c) be the third derivative of s + 10*c**2 + 1/60*c**5 - 1/6*c**4 - 1/2*c**3 + 0*c. Determine p(4).
-3
Let b(s) be the first derivative of -3*s**2/2 + 23*s + 61. Let x be b(8). Let v(l) = 2*l**2 + l - 1. Give v(x).
0
Let v be 2/(-2)*(10 - 13). Let m(n) be the third derivative of 17*n**2 + 1/120*n**6 - 1/2*n**3 - 1/20*n**5 + 0*n + 1/8*n**4 + 0. Determine m(v).
6
Let c(n) = 3*n - 9. Suppose 4*o + 51 - 143 = 0. Suppose 3*r - 103 + o = -5*x, 0 = 4*r. Let m(u) = 2*u**2 - 30*u - 26. Let a be m(x). Calculate c(a).
9
Suppose 2*l = 7*l - 50. Let c be (-6)/(-4) - (-805)/l. Let b(s) = -c*s + 2 + 42*s + 42*s. Calculate b(-3).
-4
Suppose 5*v - 32 - 3 = 0. Suppose v*m - 10 = 4. Let g(p) = m - 2*p**2 - 1 + 6*p**3 - p + p. Give g(-1).
-7
Let o(y) = -10*y - 1487 + 1485 - y**2 + 3*y. Suppose 4 = -b - 3. Give o(b).
-2
Let m(k) = 3*k**2 + 1. Let o be (-6)/42*0*1/(-2). Suppose o = 3*r - d, 5*r - 4*d - 1 + 8 = 0. Determine m(r).
4
Let x(y) = -4*y**3 + 14*y**2 - 9*y - 27. Let r(u) = -7*u**3 + 27*u**2 - 14*u - 54. Let b(q) = -3*r(q) + 5*x(q). Determine b(11).
-6
Let b(a) = 4 + 0 - 286*a + a**3 - 9*a**2 - 9 + 141*a + 140*a. Give b(7).
-138
Let z(v) = 10*v**2 + 35*v + 44. Let m(x) = 3*x**2 + 12*x + 15. Let j(b) = 7*m(b) - 2*z(b). Let c be j(-10). Let w = c - -22. Let o(u) = 3*u + 1. What is o(w)?
-2
Suppose -4*o = 3*p - 2*o + 1, -13 = 4*p + 5*o. Let g be (-100)/(-17) + 2/17. Let z(c) = c**p + 6*c**2 - 7 + 8 - g*c**2. Determine z(-1).
0
Let n = 15217 + -15208. Let z(g) = -g**2 - 2*g + 16. Give z(n).
-83
Let c(f) = f**2 + 121*f - 353*f - 15 + 124*f + 103*f. Calculate c(8).
9
Let j be 6/((-6)/(-4) + -3). Let r(n) = 5*n + 6 - 5 - 232*n**2 + 233*n**2. Calculate r(j).
-3
Let y(w) = w**2 + 28*w + 220. Let f be y(-25). Let z = -140 + f. Let m(j) = -3*j + 7. Let q(n) = -2*n + 4. Let r(a) = -3*m(a) + 5*q(a). Calculate r(z).
-6
Suppose 2*p - 144 = -5*s, -98 = -4*s + 2*p + 28. Let n(y) = -3*y + 95. Calculate n(s).
5
Let w(q) = 3*q + 8. Let m(a) = a**2 - 23*a + 134. Let h be m(16). Let o(p) = -p**3 + 24*p**2 - 44*p + 6. Let n be o(h). Calculate w(n).
26
Let r be 1*7 + (0 - 1). Let h(u) = u**2 - r*u + 2*u**2 + 3 - 4*u**2. Suppose -2578*y - 90 = -2560*y. What is h(y)?
8
Let b(a) be the first derivative of -a**4/4 + a**3 + 3*a**2 + a + 1. Let v = -653 + 668. Suppose -101*h = -98*h - v. Determine b(h).
-19
Suppose 4*r - 15 - 13 = -3*x, 4*x + r - 33 = 0. Suppose 22 = x*b - 18. Let t(d) = d**3 - 5*d**2 - 3*d + 7. Determine t(b).
-8
Let v(m) = -6*m**3 - 1. Let o(p) = p - 2. Let u be o(3). Let h be -2 - (4 - 4 - u). Calculate v(h).
5
Let g(p) = 3*p**2 + p + 1. Let t(u) = -22*u**2 - 3*u - 8. Let c(x) = 7*g(x) + t(x). Let o = 0 - -2. Suppose s + 5*a + 1 = 0, o*a + a + 15 = 3*s. Calculate c(s).
-1
Let u(g) be the third derivative of g**4/8 - 2*g**2. Let a be (-28)/(-21) - ((-32)/(-24))/4. Give u(a).
3
Let o(j) = -j**3 - 32*j**2 - 4*j - 6. Let r(w) = -3*w**3 - 95*w**2 - 14*w - 18. Let d(s) = -7*o(s) + 2*r(s). Give d(-34).
6
Suppose 13*m = -46 - 19. Let g(j) = 3*j**2 + 19*j - 1. Let w(r) = -r**2 - 10*r + 2. Let x(c) = m*w(c) - 2*g(c). What is x(12)?
-8
Let z(a) be the first derivative of -a**5/20 + 7*a**4/6 + 7*a**3/3 + 3*a**2 + 15*a + 135. Let w(q) be the first derivative of z(q). What is w(15)?
-9
Suppose 13*q = 15*q. Let u(a) = q*a - 326 + a + 325. Calculate u(-3).
-4
Let j(k) be the third derivative of -k**6/120 - 11*k**5/60 + 3*k**4/8 + 58*k**3/3 - 2244*k**2. Give j(-11).
17
Let a(k) = 4*k**3 + 6*k**2 + 8*k - 13. Let s(f) = 2*f**2 + 2*f - 5. Let x(g) = -a(g) + 3*s(g). Determine x(-2).
34
Let x(w) = 5*w**2 + 13*w + 14. Let c(n) = 14*n**2 + 38*n + 42. Let a(h) = 4*c(h) - 11*x(h). Let d(y) = -75*y + 218. Let g be d(3). What is a(g)?
0
Let m(w) = -w**3 + 5*w**2 + 6*w - 5. Let i = 118 + -114. Let l be (-4)/(-28)*(31 + i). What is m(l)?
25
Suppose 25*z - 28*z = 0. Let m = -572 - -575. Let g(h) = -3 - 90*h + 3*h**3 + z*h**3 + 5*h**2 - 2*h**m + 87*h. What is g(-5)?
12
Let g(q) = -q**3 - 6*q**2 + 4*q - 8. Suppose 0 = 45*j - 48*j - 5*x + 10, 5*j - 4*x = -45. What is g(j)?
-53
Let p be ((-2)/4)/(2/(-24)). Let q(x) = 282*x - 143*x - 3 - 140*x + 6. Give q(p).
-3
Let p(y) = -2*y - 57. Suppose -5*c - 170 = 5*h, 3*c - 4*h + 62 = h. Let v be p(c). Let f(g) = 12*g. Calculate f(v).
12
Let f(h) be the second derivative of -h**3/6 - 3*h**2/2 + 16*h + 1105. Suppose 8 = -r + 2. Calculate f(r).
3
Suppose 0*x - 61 = -31*x - 185. Let w(g) = 8*g + 19. What is w(x)?
-13
Let j(o) = -8*o - 105. Suppose 132*u + 117 = -1347 - 384. Determine j(u).
7
Let m = 12 + -7. Let n(l) be the first derivative of -l**4/4 + 4*l**3/3 + 3*l**2/2 - 5*l + 1306. What is n(m)?
-15
Suppose -15*k = -22*k - 14. Let q be k - (-30